b - 4 - b**3. Give m(3).
-27
Let s = 39 + -39. Suppose s*v - 7*v = 7. Let p be -1 + (19 + -18)*v*1. Let l(r) = -r**3 - r**2 + 3*r + 1. Calculate l(p).
-1
Let d(y) = -36*y**2 + 118*y - 772. Let p(v) = -13*v**2 + 40*v - 259. Let o(k) = 4*d(k) - 11*p(k). Give o(20).
1
Let i(o) = -5*o**2 - 103*o + 222. Let p be i(2). Let n(z) be the second derivative of 5*z**3/6 + 3*z**2 + z. Give n(p).
-14
Let k(x) = -6*x**2 - 19*x + 40. Let f be k(-4). Let s(g) = -g - 5. Calculate s(f).
-25
Let x(w) = w**2 - 14*w + 38. Suppose 19*u = -q + 18*u + 8, u - 44 = -5*q. Calculate x(q).
-7
Let n = -5106 + 5106. Let b(v) be the third derivative of -1/60*v**5 + 0*v + v**3 + n + 5/12*v**4 + 20*v**2. Determine b(11).
-5
Let t(k) be the second derivative of 0*k**3 - 7/120*k**5 - 1/720*k**6 + 0*k**2 - 3*k + 0 + 1/3*k**4. Let i(g) be the third derivative of t(g). Determine i(-5).
-2
Let d(w) be the first derivative of 3*w**4/4 + 5*w**3/3 + w**2 + 2*w + 10. Let h be d(-2). Let i(o) = o**2 + 7*o - 8. What is i(h)?
-14
Let j be (66/30)/((1/(-10))/((-4)/8)). Let x(a) = 3*a**2 - 35*a - 6. Determine x(j).
-28
Suppose 0 = 3*t - 2*t + 9. Let l(i) be the second derivative of i**5/20 + 3*i**4/4 + i**3/6 + 3*i**2/2 + 44*i. Determine l(t).
-6
Let j(a) = -153*a + 148*a - 9 - 15. Let f(b) = 3*b + 10. Let w(i) = -5*f(i) - 2*j(i). What is w(4)?
-22
Suppose v + 4*g = 6*v + 6, 0 = 5*v - 5*g + 10. Suppose -v*w = w - 6. Let q(j) = -6*j + 0*j**w + j**2 + 6 + 13*j + 0. What is q(-4)?
-6
Let l = -50 + 91. Let y = l + -35. Suppose -2*p + 5*t - 16 = 0, 2*t + t = y. Let h(b) = 3*b - 4. Give h(p).
-13
Let h(z) be the first derivative of -z**5/20 - z**4/6 + z**3/6 + z**2 - 33*z + 154. Let p(m) be the first derivative of h(m). Determine p(-4).
30
Let f(b) = b**3 + 6*b**2 + 2*b. Suppose g = 483 - 467. Suppose 2*r = 2*v + g, 4*v + 3*r = -0*r - 18. Give f(v).
-12
Let t(d) = 3*d**2 + 37*d + 17. Let v be t(-12). Suppose -4*k - 27 = -4*r + v, r - 2 = -5*k. Let z(u) = 2*u - 10. Calculate z(r).
4
Let r(j) = j**2 + 11*j + 30. Let a be r(-7). Let s(d) = 38 + a*d + 35 - 112 + 40. Calculate s(9).
19
Let j(o) = -o**3 + 2*o**2 - 2*o + 12. Let r = 11118 + -11115. What is j(r)?
-3
Let o be (-5 + -3)*(-1)/8*-2. Let g(i) = 2*i**2 - 2*i - 5. Let v be g(o). Let k(h) = h**2 - 10*h + 10. Determine k(v).
-11
Let i(j) be the first derivative of -j**2/2 - 5*j - 132. Let a be 0*(7/(-3) + 2). Suppose 5*w = -2*x + 10, w + a = -3*x + 2. Determine i(x).
-5
Let z(s) = s**3 - 23*s**2 + 22*s + 1. Let f be z(22). Let w(b) be the second derivative of 8*b**5/5 + b**2/2 - 18*b. Calculate w(f).
33
Let n(z) = -5*z**2 - 5*z**2 + 131 - 21*z - 91 - 57 - 7*z**2 + z**3. What is n(18)?
-71
Let h(r) = -r**3 + 8*r**2 - 15*r + 8. Suppose -39 = -34*x + 30*x + 3*t, 5*x + 4*t - 10 = 0. Determine h(x).
-10
Let t = -505615 + 505617. Let x(g) be the second derivative of -7/6*g**3 + 0 + 1/2*g**2 - g. Determine x(t).
-13
Let g(p) = -7*p + 30. Let j(b) = -19*b + 89. Let u(k) = 8*g(k) - 3*j(k). Let i be u(24). Let q(v) = -v**2 + 4. Calculate q(i).
-5
Let k(a) = 20*a - 25*a - 32*a**3 + 40*a**3 - 9*a**3 - 10 + 9*a**2. Determine k(8).
14
Let x(y) = 71 - 14 - 6 - 6*y - 34. What is x(7)?
-25
Let g(x) = x. Let t(m) = 8*m + 7. Let w(u) = -4*g(u) + t(u). Let p be -1 + 5/(-1) - 124/(-62). Give w(p).
-9
Let b(f) be the second derivative of -f**4 - f**3/3 + f**2/2 - 55*f + 3. What is b(-1)?
-9
Let a be (-1)/(-12) + (0 + 0)/(-158 + 165). Let n(c) be the third derivative of -1/3*c**3 - 28*c**2 - a*c**4 + 0 + 0*c. Determine n(4).
-10
Let f(l) be the first derivative of -l**4/4 + 5*l**3 - l**2 - 12*l - 314. Give f(15).
-42
Let w(z) = -z**2 + 3*z. Suppose -y + 8*b = 7*b + 3, -4*b = 11*y - 57. What is w(y)?
0
Let n(g) = -2*g - 29*g**2 - 48*g**2 - 50*g**2 + 194*g**2 + g**3 - 39*g**2 - 42. Determine n(-28).
14
Let j = 68 + -77. Let z(p) = 34*p - 4. Let t(n) = -45*n + 3. Let q(r) = 3*t(r) + 4*z(r). Calculate q(j).
-16
Let j be 5/(-3)*18/(-10) + -1. Suppose 0 = -5*i + 5*x + 15, -2*i - j*x - 14 = -6*i. Let u(a) = a + 4. What is u(i)?
8
Let s = -14017 - -14026. Let h(u) = 6*u - 37. Calculate h(s).
17
Suppose -45*x + x = 22*x + 37*x. Let o(s) be the first derivative of -s**3/3 + s**2/2 - 13*s - 2. Determine o(x).
-13
Let m(k) = -k**2 - k + 1. Suppose -56 = -6*x + 2*x. Let w = x + -9. Suppose 0*g - 15 = w*g. What is m(g)?
-5
Let r(u) = -31 - 3*u + 2*u + 37. Let h be 2/((-96)/(-280)) + (-2)/(-12). Determine r(h).
0
Let z(k) = 2*k**3 - 35*k + 3*k**2 - 39*k + 112*k - 34*k + 4. Give z(-2).
-8
Suppose -3*x = -2*x + 5. Suppose 2*m + 10 = 28. Let s(v) = -5 + m - 3*v - v - v**2 - v. Determine s(x).
4
Let h be (2 - -1)/(1 - 4). Let a be h/2 + 0 + (-35)/(-10). Suppose -3*c + 15 = 0, c - 2*c = -a*o - 17. Let z(m) = -m**3 - 4*m**2 + m - 3. Calculate z(o).
-7
Let n(f) = 9*f**2. Let d(c) = 7*c**2 + c + 1. Let y(w) = 5*d(w) - 4*n(w). Suppose -5*h + 2 = -2*t, 12 = 2*t + h - 10. Give y(t).
-31
Let v(n) = n**2 + 3*n + 4. Let z = -643 + 277. Let l = -369 - z. Give v(l).
4
Let y(o) = -o**2 - 14*o - 13. Suppose -36 = 3*c + 4*b, -5*c - 3*b + 5*b - 60 = 0. Determine y(c).
11
Let l(p) = -p**3 - 4*p**2 - 3*p. Suppose -163*a + 20 = -173*a. Let q be (-15 + 5 + 0)/a - 7. Determine l(q).
-2
Let o(v) be the first derivative of v**4/2 + 10*v**3 + 14*v**2 - 3*v - 1100. What is o(-14)?
-3
Let p = 596 + -615. Let v(f) = 2*f**2 + 32*f + 27. Calculate v(p).
141
Let y(o) be the first derivative of -o**4/4 - 2*o**3 + 13*o**2/2 - 19*o + 39600. Suppose -3*d - v = 27, -d - 11 = -0*d + v. Calculate y(d).
5
Let l(x) = x**3 - 33*x**2 + 158*x + 93. Let c be l(27). Let b(h) = 3*h + 15. What is b(c)?
-30
Let g = 10888 - 10876. Let p(b) = -2*b**2 + 11*b + 157. Determine p(g).
1
Suppose 2*h + 16 = 4*k, 11*k - 2 = 10*k. Let s(j) be the second derivative of -j**5/20 - j**4/3 + 5*j**3/6 + 3*j**2/2 - j - 116. What is s(h)?
-17
Let z(y) = -y**3 - 6*y**2 + 4*y - 14. Let j(r) = -10*r + 23. Let w be 4/8*0 + 3. Let p be j(w). Calculate z(p).
7
Let c(n) = 8*n + 11. Let x(z) = 3*z + 3. Let u(a) = -16*a - 63. Let p be u(-4). Let h(m) = p*x(m) - c(m). What is h(8)?
-48
Let h(r) = 191*r + 4396. Let f be h(-23). Let a(b) = 12*b + 1. Calculate a(f).
37
Let b(n) be the third derivative of n**5/30 + 25*n**4/24 - 13*n**3/3 - 186*n**2 - 21. What is b(-14)?
16
Let x(f) = -10*f**3 + 2*f**2 - 2*f + 1. Let h(c) = -41*c - 41*c**2 + 106*c**2 - 20 - 63*c**2. Let s be h(21). Give x(s).
-9
Let q(n) = n**3 + 5*n**2 - 7*n + 4. Let h be (36/2 - 30) + (-1 - -7). Give q(h).
10
Let z(u) be the first derivative of -u**3/3 - 5*u**2 + 10*u - 2. Suppose -x = 2*a + 20, a - x - 142 = -152. Give z(a).
10
Let z(f) be the first derivative of -f**3/3 + 7*f**2/2 - 9*f - 5235. Suppose -w = 3*w - 20. Give z(w).
1
Let a(s) = -236*s - 8721. Let j be a(-37). Let o(y) be the third derivative of -y**6/120 + 11*y**5/60 + y**4/12 - 8*y**3/3 + y**2. Calculate o(j).
6
Let h(u) = -u**3 + 5*u**2 - 4*u - 5. Let k = 156 + -110. Let g = -41 + k. Determine h(g).
-25
Suppose -r = -6*r + 15. Let p(n) = -n**3 + 6*n**2 + 28*n - 1. Let l(m) = 2*m**3 - 11*m**2 - 51*m + 2. Let s(q) = 5*l(q) + 9*p(q). Determine s(r).
10
Let l(f) = -49*f**2 + 7*f + 57. Let c(a) = -41*a**2 + 6*a + 55. Let r(t) = 6*c(t) - 5*l(t). Determine r(7).
3
Let w = 8371 - 8356. Let a(o) = -o**3 + 14*o**2 + 19*o + 4. Calculate a(w).
64
Let q(o) be the third derivative of -o**7/1008 + o**6/360 - 19*o**5/60 + 22*o**2 - 2*o. Let w(r) be the third derivative of q(r). Determine w(2).
-8
Let y(j) = 0*j**2 + j**2 - 8*j**2 + 1. Let o(r) = 2*r**3 - 8*r**2 + r - 19. Let p be o(-5). Let f = p + 475. What is y(f)?
-6
Let d(i) = i**3 - 9*i**2 + 6*i - 49. Let f be d(9). Let n(b) = 2*b**3 + 10023*b + 2*b**2 + f*b**3 - 10022*b. Determine n(-1).
-6
Let n(i) be the second derivative of i**5/20 + i**4/6 + i**3 + 8*i**2 + 983*i + 1. Determine n(-3).
-11
Suppose -18 = -3*z + 3*j, 4*j - 2 = 5*z - 28. Let m(g) = -16*g + 12 - g**3 - 14 + 5*g**2 + 10*g + g**z. Give m(5).
-7
Let p(u) = -13*u**3 - 2*u**2 + 2*u. Let h(d) = -38*d**3 - 5*d**2 + 6*d + 9. Let x(y) = -h(y) + 3*p(y). Calculate x(0).
-9
Let v(t) = 1. Let s(m) = m + 8. Let g(n) = s(n) - 5*v(n). Let w be g(9). Suppose 0 = -4*l + 6*l - w. Let o(z) = 3*z - 5. Determine o(l).
13
Suppose -10*f + 61 + 39 = 0. Suppose -3 = 7*i - f. Let s be (-10)/((3 - 1)*i). Let g(w) = -w - 11. Determine g(s).
-6
Let v(z